{"id":7687,"date":"2016-11-16T12:51:40","date_gmt":"2016-11-16T17:51:40","guid":{"rendered":"http:\/\/52.229.122.34\/fr\/?page_id=7687"},"modified":"2026-04-20T13:54:41","modified_gmt":"2026-04-20T17:54:41","slug":"pneumonie-sous-ventilation-assistee-pva","status":"publish","type":"page","link":"https:\/\/www.ottawahospital.on.ca\/fr\/qualite-et-securite\/rendre-compte\/rapport-sur-les-indicateurs\/pneumonie-sous-ventilation-assistee-pva\/","title":{"rendered":"Pneumonie sous ventilation assist\u00e9e (PVA)"},"content":{"rendered":"<p>Dans le cadre de nos indicateurs publics de la s\u00e9curit\u00e9 des patients, la pneumonie sous ventilation assist\u00e9e se d\u00e9finit comme une infection des poumons touchant les patients aux soins intensifs qui sont branch\u00e9s pendant plus de 48 heures \u00e0 un respirateur par intermittence ou en continu au moyen d\u2019un tube.<\/p>\n<p>De nombreux facteurs peuvent causer ce type de pneumonie. Puisqu\u2019ils d\u00e9pendent d\u2019une machine pour respirer, ces patients sont priv\u00e9s de leurs r\u00e9flexes de tousser, de bailler et de respirer profond\u00e9ment. Leur syst\u00e8me immunitaire peut aussi \u00eatre affaibli, ce qui les rend plus vuln\u00e9rables aux infections. Il y a bien des fa\u00e7ons de les aider \u00e0 utiliser leurs r\u00e9flexes normaux de respiration, mais ces patients courent quand m\u00eame le risque d\u2019avoir une pneumonie.<\/p>\n<h2 id=\"cdiffrates\">Taux de pneumonies sous ventilation assist\u00e9e<\/h2>\n<p>Tous les h\u00f4pitaux qui offrent des soins intensifs doivent divulguer publiquement leurs taux de pneumonies sous ventilation assist\u00e9e dans le Syst\u00e8me d\u2019information sur les soins aux malades en phase critique. Ce syst\u00e8me regroupe une foule de renseignements sur les soins critiques signal\u00e9s par les h\u00f4pitaux.<\/p>\n<p>Chaque trois mois, ces h\u00f4pitaux ontariens affichent leur taux et le nombre de cas d\u2019infection acquise dans leur \u00e9tablissement. Le calcul se fait selon la formule suivante :<\/p>\n<p class=\"text-center\"><strong>Total de cas de pneumonie apr\u00e8s 48 heures de ventilation assist\u00e9e aux soins intensifs<\/strong> x 1000<\/p>\n<hr style=\"border-color: black;\" \/>\n<p class=\"text-center\"><strong>Total de jours o\u00f9 les patients de 18 ans et plus aux soins intensifs sont branch\u00e9s \u00e0 un respirateur<\/strong><\/p>\n<p>Pour en savoir plus, consultez les sites suivants :<\/p>\n<p><a href=\"https:\/\/www.health.gov.on.ca\/fr\/public\/programs\/patient_safety\/\" target=\"_blank\" rel=\"noopener noreferrer\">https:\/\/www.health.gov.on.ca\/fr\/public\/programs\/patient_safety\/<\/a><br \/>\n<a href=\"https:\/\/www.oha.com\/quality-safety-and-patient-and-family-centred-care\" target=\"_blank\" rel=\"noopener noreferrer\">www.oha.com\/quality-safety-and-patient-and-family-centred-care<br \/>\n<\/a><a href=\"https:\/\/www.oha.com\/Documents\/English%20-%20Pamphlet.pdf\" target=\"_blank\" rel=\"noopener noreferrer\">www.oha.com\/Documents\/English%20-%20Pamphlet.pdf<\/a><\/p>\n<h2>Taux de pneumonies sous ventilation assist\u00e9e \u00e0 L\u2019H\u00f4pital d\u2019Ottawa<\/h2>\n<h3>Nouveaux cas de pneumonie sous ventilation assist\u00e9e (PVA)<\/h3>\n<div class=\"table-responsive\" style=\"font-size: 11px;\">\n<p>&gt;<\/p>\n<table class=\"text-center table\" style=\"height: 278px;\" title=\"Nouveaux cas de pneumonie sous ventilation assist\u00e9e (PVA)\" width=\"659\">\n<caption class=\"hidecontent\">Nouveaux cas de pneumonie sous ventilation assist\u00e9e (PVA)<\/caption>\n<tbody>\n<tr>\n<th style=\"background-color: #0033a0; color: #fff; width: 132px;\" scope=\"col\"><\/th>\n<th style=\"background-color: #0033a0; color: #fff; width: 195px;\" colspan=\"3\" scope=\"col\">Campus Civic<\/th>\n<th style=\"background-color: #0033a0; color: #fff; width: 194px;\" colspan=\"3\" scope=\"col\">Campus G\u00e9n\u00e9ral<\/th>\n<\/tr>\n<tr>\n<th scope=\"col\">2025\/2026<\/th>\n<th style=\"width: 64px;\" scope=\"col\">Nombre de cas<\/th>\n<th style=\"width: 62px;\" scope=\"col\">*Nombre de jours sous ventilation assist\u00e9e<\/th>\n<th style=\"width: 61px;\" scope=\"col\">Nombre de cas de pneumonie \/ 1 000 jours de ventilation assist\u00e9e<\/th>\n<th style=\"width: 62px;\" scope=\"col\">Nombre de cas<\/th>\n<th style=\"width: 71px;\" scope=\"col\">*Nombre de jours sous ventilation assist\u00e9e<\/th>\n<th style=\"width: 67px;\" scope=\"col\">Nombre de cas de pneumonie \/ 1 000 jours de ventilation assist\u00e9e<\/th>\n<\/tr>\n<tr>\n<th class=\"text-left\" scope=\"row\">T1 &#8211; Avril \u00e0 juin<\/th>\n<td style=\"text-align: center;\">&#8211;<\/td>\n<td style=\"text-align: center;\">1104<\/td>\n<td style=\"text-align: center;\">0.00<\/td>\n<td style=\"text-align: center;\">&#8211;<\/td>\n<td style=\"text-align: center;\">738<\/td>\n<td style=\"text-align: center;\">0.00<\/td>\n<\/tr>\n<tr>\n<th class=\"text-left\" scope=\"row\">T2 &#8211; Juillet \u00e0 sept.<\/th>\n<td style=\"text-align: center;\">&lt;5<\/td>\n<td style=\"text-align: center;\">1300<\/td>\n<td style=\"text-align: center;\">1.54<\/td>\n<td style=\"text-align: center;\">&lt;5<\/td>\n<td style=\"text-align: center;\">641<\/td>\n<td style=\"text-align: center;\">1.56<\/td>\n<\/tr>\n<tr>\n<th class=\"text-left\" scope=\"row\">T3 &#8211; Oct. \u00e0 d\u00e9c.<\/th>\n<td style=\"text-align: center;\">&lt;5<\/td>\n<td style=\"text-align: center;\">1 008<\/td>\n<td style=\"text-align: center;\">1,98<\/td>\n<td style=\"text-align: center;\">&#8211;<\/td>\n<td style=\"text-align: center;\">721<\/td>\n<td style=\"text-align: center;\">0.00<\/td>\n<\/tr>\n<tr>\n<th class=\"text-left\" scope=\"row\">T4 &#8211; Janv. \u00e0 mars<\/th>\n<td style=\"text-align: center;\">&#8211;<\/td>\n<td style=\"text-align: center;\">1,130<\/td>\n<td style=\"text-align: center;\">0.00<\/td>\n<td style=\"text-align: center;\">&#8211;<\/td>\n<td style=\"text-align: center;\">719<\/td>\n<td style=\"text-align: center;\">0.00<\/td>\n<\/tr>\n<tr style=\"background-color: #ededed;\">\n<th class=\"text-left\" scope=\"row\">Depuis le d\u00e9but de<br \/>\nl&rsquo;ann\u00e9e 2024-25<\/th>\n<td style=\"text-align: center;\">&lt;5<\/td>\n<td style=\"text-align: center;\">4,542<\/td>\n<td style=\"text-align: center;\">0.88<\/td>\n<td style=\"text-align: center;\">&lt;5<\/td>\n<td style=\"text-align: center;\">2,819<\/td>\n<td style=\"text-align: center;\">0.35<\/td>\n<\/tr>\n<tr>\n<th scope=\"col\">2024\/2025<\/th>\n<th style=\"width: 64px;\" scope=\"col\">Nombre de cas<\/th>\n<th style=\"width: 62px;\" scope=\"col\">*Nombre de jours sous ventilation assist\u00e9e<\/th>\n<th style=\"width: 61px;\" scope=\"col\">Nombre de cas de pneumonie \/ 1 000 jours de ventilation assist\u00e9e<\/th>\n<th style=\"width: 62px;\" scope=\"col\">Nombre de cas<\/th>\n<th style=\"width: 71px;\" scope=\"col\">*Nombre de jours sous ventilation assist\u00e9e<\/th>\n<th style=\"width: 67px;\" scope=\"col\">Nombre de cas de pneumonie \/ 1 000 jours de ventilation assist\u00e9e<\/th>\n<\/tr>\n<tr>\n<th class=\"text-left\" scope=\"row\">T1 &#8211; Avril \u00e0 juin<\/th>\n<td style=\"text-align: center;\">&#8211;<\/td>\n<td style=\"text-align: center;\">1196<\/td>\n<td style=\"text-align: center;\">0.00<\/td>\n<td style=\"text-align: center;\">&#8211;<\/td>\n<td style=\"text-align: center;\">764<\/td>\n<td style=\"text-align: center;\">0.00<\/td>\n<\/tr>\n<tr>\n<th class=\"text-left\" scope=\"row\">T2 &#8211; Juillet \u00e0 sept.<\/th>\n<td style=\"text-align: center;\">&#8211;<\/td>\n<td style=\"text-align: center;\">1,410<\/td>\n<td style=\"text-align: center;\">0.00<\/td>\n<td style=\"text-align: center;\">&#8211;<\/td>\n<td style=\"text-align: center;\">540<\/td>\n<td style=\"text-align: center;\">0.00<\/td>\n<\/tr>\n<tr>\n<th class=\"text-left\" scope=\"row\">T3 &#8211; Oct. \u00e0 d\u00e9c.<\/th>\n<td style=\"text-align: center;\">&#8211;<\/td>\n<td style=\"text-align: center;\">1,405<\/td>\n<td style=\"text-align: center;\">0.00<\/td>\n<td style=\"text-align: center;\">&#8211;<\/td>\n<td style=\"text-align: center;\">675<\/td>\n<td style=\"text-align: center;\">0.00<\/td>\n<\/tr>\n<tr>\n<th class=\"text-left\" scope=\"row\">T4 &#8211; Janv. \u00e0 mars<\/th>\n<td style=\"text-align: center;\">&#8211;<\/td>\n<td style=\"text-align: center;\">1,540<\/td>\n<td style=\"text-align: center;\">0.00<\/td>\n<td style=\"text-align: center;\">&#8211;<\/td>\n<td style=\"text-align: center;\">817<\/td>\n<td style=\"text-align: center;\">0.00<\/td>\n<\/tr>\n<tr style=\"background-color: #ededed;\">\n<th class=\"text-left\" scope=\"row\">Depuis le d\u00e9but de<br \/>\nl&rsquo;ann\u00e9e 2024-25<\/th>\n<td style=\"text-align: center;\">&#8211;<\/td>\n<td style=\"text-align: center;\">5,551<\/td>\n<td style=\"text-align: center;\">0.83<\/td>\n<td style=\"text-align: center;\">&#8211;<\/td>\n<td style=\"text-align: center;\">2,796<\/td>\n<td style=\"text-align: center;\">0.00<\/td>\n<\/tr>\n<\/tbody>\n<\/table>\n<\/div>\n<p><em>Source : Syst\u00e8me d&rsquo;information sur les soins aux malades en phase critique (SISMPC)<\/em><\/p>\n<p>Cas survenus aux soins critiques qui ont \u00e9t\u00e9 signal\u00e9s dans le SISMPC<br \/>\n* Losrqu&rsquo;il y a moins de cinq cas (1 \u00e0 4), on indique &lt; 5.<\/p>\n","protected":false},"excerpt":{"rendered":"<p>Dans le cadre de nos indicateurs publics de la s\u00e9curit\u00e9 des patients, la pneumonie sous ventilation assist\u00e9e se d\u00e9finit comme une infection des poumons touchant les patients aux soins intensifs qui sont branch\u00e9s pendant plus de 48 heures \u00e0 un respirateur par intermittence ou en continu au moyen d\u2019un tube. De nombreux facteurs peuvent causer [&hellip;]<\/p>\n","protected":false},"author":25,"featured_media":0,"parent":1966,"menu_order":9,"comment_status":"closed","ping_status":"closed","template":"","meta":{"_acf_changed":false,"_mc_calendar":[],"footnotes":""},"class_list":["post-7687","page","type-page","status-publish","hentry"],"acf":[],"wps_subtitle":"","_links":{"self":[{"href":"https:\/\/www.ottawahospital.on.ca\/fr\/wp-json\/wp\/v2\/pages\/7687","targetHints":{"allow":["GET"]}}],"collection":[{"href":"https:\/\/www.ottawahospital.on.ca\/fr\/wp-json\/wp\/v2\/pages"}],"about":[{"href":"https:\/\/www.ottawahospital.on.ca\/fr\/wp-json\/wp\/v2\/types\/page"}],"author":[{"embeddable":true,"href":"https:\/\/www.ottawahospital.on.ca\/fr\/wp-json\/wp\/v2\/users\/25"}],"replies":[{"embeddable":true,"href":"https:\/\/www.ottawahospital.on.ca\/fr\/wp-json\/wp\/v2\/comments?post=7687"}],"version-history":[{"count":1,"href":"https:\/\/www.ottawahospital.on.ca\/fr\/wp-json\/wp\/v2\/pages\/7687\/revisions"}],"predecessor-version":[{"id":278441,"href":"https:\/\/www.ottawahospital.on.ca\/fr\/wp-json\/wp\/v2\/pages\/7687\/revisions\/278441"}],"up":[{"embeddable":true,"href":"https:\/\/www.ottawahospital.on.ca\/fr\/wp-json\/wp\/v2\/pages\/1966"}],"wp:attachment":[{"href":"https:\/\/www.ottawahospital.on.ca\/fr\/wp-json\/wp\/v2\/media?parent=7687"}],"curies":[{"name":"wp","href":"https:\/\/api.w.org\/{rel}","templated":true}]}}

Pneumonie sous ventilation assistée (PVA)

<p>Dans le cadre de nos indicateurs publics de la sécurité des patients, la pneumonie sous ventilation assistée se définit comme une infection des poumons touchant les patients aux soins intensifs qui sont branchés pendant plus de 48 heures à un respirateur par intermittence ou en continu au moyen d’un tube.</p>
<p>De nombreux facteurs peuvent causer ce type de pneumonie. Puisqu’ils dépendent d’une machine pour respirer, ces patients sont privés de leurs réflexes de tousser, de bailler et de respirer profondément. Leur système immunitaire peut aussi être affaibli, ce qui les rend plus vulnérables aux infections. Il y a bien des façons de les aider à utiliser leurs réflexes normaux de respiration, mais ces patients courent quand même le risque d’avoir une pneumonie.</p>
<h2 id="cdiffrates">Taux de pneumonies sous ventilation assistée</h2>
<p>Tous les hôpitaux qui offrent des soins intensifs doivent divulguer publiquement leurs taux de pneumonies sous ventilation assistée dans le Système d’information sur les soins aux malades en phase critique. Ce système regroupe une foule de renseignements sur les soins critiques signalés par les hôpitaux.</p>
<p>Chaque trois mois, ces hôpitaux ontariens affichent leur taux et le nombre de cas d’infection acquise dans leur établissement. Le calcul se fait selon la formule suivante :</p>
<p class="text-center"><strong>Total de cas de pneumonie après 48 heures de ventilation assistée aux soins intensifs</strong> x 1000</p>
<hr style="border-color: black;" />
<p class="text-center"><strong>Total de jours où les patients de 18 ans et plus aux soins intensifs sont branchés à un respirateur</strong></p>
<p>Pour en savoir plus, consultez les sites suivants :</p>
<p><a href="https://www.health.gov.on.ca/fr/public/programs/patient_safety/" target="_blank" rel="noopener noreferrer">https://www.health.gov.on.ca/fr/public/programs/patient_safety/</a><br />
<a href="https://www.oha.com/quality-safety-and-patient-and-family-centred-care" target="_blank" rel="noopener noreferrer">www.oha.com/quality-safety-and-patient-and-family-centred-care<br />
</a><a href="https://www.oha.com/Documents/English%20-%20Pamphlet.pdf" target="_blank" rel="noopener noreferrer">www.oha.com/Documents/English%20-%20Pamphlet.pdf</a></p>
<h2>Taux de pneumonies sous ventilation assistée à L’Hôpital d’Ottawa</h2>
<h3>Nouveaux cas de pneumonie sous ventilation assistée (PVA)</h3>
<div class="table-responsive" style="font-size: 11px;">
<p>&gt;</p>
<table class="text-center table" style="height: 278px;" title="Nouveaux cas de pneumonie sous ventilation assistée (PVA)" width="659">
<caption class="hidecontent">Nouveaux cas de pneumonie sous ventilation assistée (PVA)</caption>
<tbody>
<tr>
<th style="background-color: #0033a0; color: #fff; width: 132px;" scope="col"></th>
<th style="background-color: #0033a0; color: #fff; width: 195px;" colspan="3" scope="col">Campus Civic</th>
<th style="background-color: #0033a0; color: #fff; width: 194px;" colspan="3" scope="col">Campus Général</th>
</tr>
<tr>
<th scope="col">2025/2026</th>
<th style="width: 64px;" scope="col">Nombre de cas</th>
<th style="width: 62px;" scope="col">*Nombre de jours sous ventilation assistée</th>
<th style="width: 61px;" scope="col">Nombre de cas de pneumonie / 1 000 jours de ventilation assistée</th>
<th style="width: 62px;" scope="col">Nombre de cas</th>
<th style="width: 71px;" scope="col">*Nombre de jours sous ventilation assistée</th>
<th style="width: 67px;" scope="col">Nombre de cas de pneumonie / 1 000 jours de ventilation assistée</th>
</tr>
<tr>
<th class="text-left" scope="row">T1 &#8211; Avril à juin</th>
<td style="text-align: center;">&#8211;</td>
<td style="text-align: center;">1104</td>
<td style="text-align: center;">0.00</td>
<td style="text-align: center;">&#8211;</td>
<td style="text-align: center;">738</td>
<td style="text-align: center;">0.00</td>
</tr>
<tr>
<th class="text-left" scope="row">T2 &#8211; Juillet à sept.</th>
<td style="text-align: center;">&lt;5</td>
<td style="text-align: center;">1300</td>
<td style="text-align: center;">1.54</td>
<td style="text-align: center;">&lt;5</td>
<td style="text-align: center;">641</td>
<td style="text-align: center;">1.56</td>
</tr>
<tr>
<th class="text-left" scope="row">T3 &#8211; Oct. à déc.</th>
<td style="text-align: center;">&lt;5</td>
<td style="text-align: center;">1 008</td>
<td style="text-align: center;">1,98</td>
<td style="text-align: center;">&#8211;</td>
<td style="text-align: center;">721</td>
<td style="text-align: center;">0.00</td>
</tr>
<tr>
<th class="text-left" scope="row">T4 &#8211; Janv. à mars</th>
<td style="text-align: center;">&#8211;</td>
<td style="text-align: center;">1,130</td>
<td style="text-align: center;">0.00</td>
<td style="text-align: center;">&#8211;</td>
<td style="text-align: center;">719</td>
<td style="text-align: center;">0.00</td>
</tr>
<tr style="background-color: #ededed;">
<th class="text-left" scope="row">Depuis le début de<br />
l&rsquo;année 2024-25</th>
<td style="text-align: center;">&lt;5</td>
<td style="text-align: center;">4,542</td>
<td style="text-align: center;">0.88</td>
<td style="text-align: center;">&lt;5</td>
<td style="text-align: center;">2,819</td>
<td style="text-align: center;">0.35</td>
</tr>
<tr>
<th scope="col">2024/2025</th>
<th style="width: 64px;" scope="col">Nombre de cas</th>
<th style="width: 62px;" scope="col">*Nombre de jours sous ventilation assistée</th>
<th style="width: 61px;" scope="col">Nombre de cas de pneumonie / 1 000 jours de ventilation assistée</th>
<th style="width: 62px;" scope="col">Nombre de cas</th>
<th style="width: 71px;" scope="col">*Nombre de jours sous ventilation assistée</th>
<th style="width: 67px;" scope="col">Nombre de cas de pneumonie / 1 000 jours de ventilation assistée</th>
</tr>
<tr>
<th class="text-left" scope="row">T1 &#8211; Avril à juin</th>
<td style="text-align: center;">&#8211;</td>
<td style="text-align: center;">1196</td>
<td style="text-align: center;">0.00</td>
<td style="text-align: center;">&#8211;</td>
<td style="text-align: center;">764</td>
<td style="text-align: center;">0.00</td>
</tr>
<tr>
<th class="text-left" scope="row">T2 &#8211; Juillet à sept.</th>
<td style="text-align: center;">&#8211;</td>
<td style="text-align: center;">1,410</td>
<td style="text-align: center;">0.00</td>
<td style="text-align: center;">&#8211;</td>
<td style="text-align: center;">540</td>
<td style="text-align: center;">0.00</td>
</tr>
<tr>
<th class="text-left" scope="row">T3 &#8211; Oct. à déc.</th>
<td style="text-align: center;">&#8211;</td>
<td style="text-align: center;">1,405</td>
<td style="text-align: center;">0.00</td>
<td style="text-align: center;">&#8211;</td>
<td style="text-align: center;">675</td>
<td style="text-align: center;">0.00</td>
</tr>
<tr>
<th class="text-left" scope="row">T4 &#8211; Janv. à mars</th>
<td style="text-align: center;">&#8211;</td>
<td style="text-align: center;">1,540</td>
<td style="text-align: center;">0.00</td>
<td style="text-align: center;">&#8211;</td>
<td style="text-align: center;">817</td>
<td style="text-align: center;">0.00</td>
</tr>
<tr style="background-color: #ededed;">
<th class="text-left" scope="row">Depuis le début de<br />
l&rsquo;année 2024-25</th>
<td style="text-align: center;">&#8211;</td>
<td style="text-align: center;">5,551</td>
<td style="text-align: center;">0.83</td>
<td style="text-align: center;">&#8211;</td>
<td style="text-align: center;">2,796</td>
<td style="text-align: center;">0.00</td>
</tr>
</tbody>
</table>
</div>
<p><em>Source : Système d&rsquo;information sur les soins aux malades en phase critique (SISMPC)</em></p>
<p>Cas survenus aux soins critiques qui ont été signalés dans le SISMPC<br />
* Losrqu&rsquo;il y a moins de cinq cas (1 à 4), on indique &lt; 5.</p>

<p>Dans le cadre de nos indicateurs publics de la sécurité des patients, la pneumonie sous ventilation assistée se définit comme une infection des poumons touchant les patients aux soins intensifs qui sont branchés pendant plus de 48 heures à un respirateur par intermittence ou en continu au moyen d’un tube. De nombreux facteurs peuvent causer [&hellip;]</p>
