{"id":63827,"date":"2021-04-28T14:35:30","date_gmt":"2021-04-28T18:35:30","guid":{"rendered":"https:\/\/www.ottawahospital.on.ca\/?page_id=63827"},"modified":"2022-02-14T06:25:51","modified_gmt":"2022-02-14T11:25:51","slug":"notre-equipe","status":"publish","type":"page","link":"https:\/\/www.ottawahospital.on.ca\/fr\/services-cliniques\/deptpgrmcs\/departements\/obstetrique-gynecologie-et-soins-aux-nouveau-nes\/grossesse-multiple\/la-clinique\/notre-equipe\/","title":{"rendered":"notre \u00e9quipe"},"content":{"rendered":"<h2>\u00c9quipe de m\u00e9decine materno-f\u0153tale &#8211; Campus G\u00e9n\u00e9ral<\/h2>\n<div class=\"toh-tc-row\">\n<div class=\"col-lg-4 col-md-4 col-sm-6 col-xs-12 mb-4\">\n<div class=\"toh-tc h-100\">\n<div class=\"toh-tc-body text-center\">\n<p><img decoding=\"async\" src=\"\/wp-content\/uploads\/2021\/04\/KFKF-profile.jpg\" alt=\"Dr. Karen Fung-Kee-Fung\"><\/p>\n<h4 class=\"toh-tc-title\">\u00adD<sup>re<\/sup> Karen Fung Kee Fung, MD, FRCSC, MHPE<\/h4>\n<p class=\"toh-tc-text\">M\u00e9decin<br \/>\nM\u00e9decine materno-f\u0153tale<\/p>\n<\/div>\n<\/div>\n<\/div>\n<div class=\"col-lg-4 col-md-4 col-sm-6 col-xs-12 mb-4\">\n<div class=\"toh-tc h-100\">\n<div class=\"toh-tc-body text-center\">\n<p><img decoding=\"async\" src=\"\/wp-content\/uploads\/2021\/04\/FMoretti-profile.jpg\" alt=\"Dr. Felipe Moretti\"><\/p>\n<h4 class=\"toh-tc-title\">\u00adD<sup>r<\/sup> Felipe Moretti, MD<\/h4>\n<p class=\"toh-tc-text\">Directeur, Programme de sursp\u00e9cialisation<br \/>\nM\u00e9decine materno-f\u0153tale<\/p>\n<\/div>\n<\/div>\n<\/div>\n<div class=\"col-lg-4 col-md-4 col-sm-6 col-xs-12 mb-4\">\n<div class=\"toh-tc h-100\">\n<div class=\"toh-tc-body text-center\">\n<p><img decoding=\"async\" src=\"\/wp-content\/uploads\/2021\/04\/Brigitte-profile.jpg\" alt=\"Dr. Brigitte Bonin\"><\/p>\n<h4 class=\"toh-tc-title\">\u00adD<sup>re<\/sup> Brigitte Bonin, MD, FRCSC, MBA<\/h4>\n<p class=\"toh-tc-text\">Directrice m\u00e9dicale, \u00c9chographie obst\u00e9tricale et gyn\u00e9cologique<br \/>\nM\u00e9decine materno-f\u0153tale<\/p>\n<\/div>\n<\/div>\n<\/div>\n<div class=\"col-lg-4 col-md-4 col-sm-6 col-xs-12 mb-4\">\n<div class=\"toh-tc h-100\">\n<div class=\"toh-tc-body text-center\">\n<p><img decoding=\"async\" src=\"\/wp-content\/uploads\/2021\/04\/El-Chaar-profile.jpg\" alt=\"Dr. Darine El-Cha\u00e2r\"><\/p>\n<h4 class=\"toh-tc-title\">\u00adD<sup>re<\/sup> Darine El-Cha\u00e2r, MD, FRCSC, MSc Epi<\/h4>\n<p class=\"toh-tc-text\">M\u00e9decin<br \/>\nM\u00e9decine materno-f\u0153tale<\/p>\n<\/div>\n<\/div>\n<\/div>\n<div class=\"col-lg-4 col-md-4 col-sm-6 col-xs-12 mb-4\">\n<div class=\"toh-tc h-100\">\n<div class=\"toh-tc-body text-center\">\n<p><img decoding=\"async\" src=\"\/wp-content\/uploads\/2021\/04\/Griff-profile.jpg\" alt=\"Dr. Griffith Jones\"><\/p>\n<h4 class=\"toh-tc-title\">\u00adD<sup>r<\/sup> Griffith Jones, MB BS, FRCOG, FRCSC<\/h4>\n<p class=\"toh-tc-text\">M\u00e9decin<br \/>\nM\u00e9decine materno-f\u0153tale<\/p>\n<\/div>\n<\/div>\n<\/div>\n<div class=\"col-lg-4 col-md-4 col-sm-6 col-xs-12 mb-4\">\n<div class=\"toh-tc h-100\">\n<div class=\"toh-tc-body text-center\">\n<p><img decoding=\"async\" src=\"\/wp-content\/uploads\/2021\/04\/Walker-profile.jpg\" alt=\"Dr. Mark Walker\"><\/p>\n<h4 class=\"toh-tc-title\">\u00adD<sup>r<\/sup> Mark Walker, MD, FRCS(C), MSc(epi), MScHCM<\/h4>\n<p class=\"toh-tc-text\">M\u00e9decin<br \/>\nM\u00e9decine materno-f\u0153tale<\/p>\n<\/div>\n<\/div>\n<\/div>\n<div class=\"col-lg-4 col-md-4 col-sm-6 col-xs-12 mb-4\">\n<div class=\"toh-tc h-100\">\n<div class=\"toh-tc-body text-center\">\n<p><img decoding=\"async\" src=\"\/wp-content\/uploads\/2022\/02\/Emily-profile.jpg\" alt=\"Dr. Emily Walker\"><\/p>\n<h4 class=\"toh-tc-title\">\u00adD<sup>re<\/sup> Emily Walker, MD, FRCSC<\/h4>\n<p class=\"toh-tc-text\">M\u00e9decin<br \/>\nM\u00e9decine materno-f\u0153tale,<br \/>\nTOH Campus Civic<\/p>\n<\/div>\n<\/div>\n<\/div>\n<\/div>\n","protected":false},"excerpt":{"rendered":"<p>\u00c9quipe de m\u00e9decine materno-f\u0153tale &#8211; Campus G\u00e9n\u00e9ral \u00adDre Karen Fung Kee Fung, MD, FRCSC, MHPE M\u00e9decin M\u00e9decine materno-f\u0153tale \u00adDr Felipe Moretti, MD Directeur, Programme de sursp\u00e9cialisation M\u00e9decine materno-f\u0153tale \u00adDre Brigitte Bonin, MD, FRCSC, MBA Directrice m\u00e9dicale, \u00c9chographie obst\u00e9tricale et gyn\u00e9cologique M\u00e9decine materno-f\u0153tale \u00adDre Darine El-Cha\u00e2r, MD, FRCSC, MSc Epi M\u00e9decin M\u00e9decine materno-f\u0153tale \u00adDr Griffith Jones, [&hellip;]<\/p>\n","protected":false},"author":25,"featured_media":0,"parent":63808,"menu_order":0,"comment_status":"closed","ping_status":"closed","template":"","meta":{"_acf_changed":false,"_mc_calendar":[],"footnotes":""},"class_list":["post-63827","page","type-page","status-publish","hentry"],"acf":[],"wps_subtitle":"","_links":{"self":[{"href":"https:\/\/www.ottawahospital.on.ca\/fr\/wp-json\/wp\/v2\/pages\/63827","targetHints":{"allow":["GET"]}}],"collection":[{"href":"https:\/\/www.ottawahospital.on.ca\/fr\/wp-json\/wp\/v2\/pages"}],"about":[{"href":"https:\/\/www.ottawahospital.on.ca\/fr\/wp-json\/wp\/v2\/types\/page"}],"author":[{"embeddable":true,"href":"https:\/\/www.ottawahospital.on.ca\/fr\/wp-json\/wp\/v2\/users\/25"}],"replies":[{"embeddable":true,"href":"https:\/\/www.ottawahospital.on.ca\/fr\/wp-json\/wp\/v2\/comments?post=63827"}],"version-history":[{"count":0,"href":"https:\/\/www.ottawahospital.on.ca\/fr\/wp-json\/wp\/v2\/pages\/63827\/revisions"}],"up":[{"embeddable":true,"href":"https:\/\/www.ottawahospital.on.ca\/fr\/wp-json\/wp\/v2\/pages\/63808"}],"wp:attachment":[{"href":"https:\/\/www.ottawahospital.on.ca\/fr\/wp-json\/wp\/v2\/media?parent=63827"}],"curies":[{"name":"wp","href":"https:\/\/api.w.org\/{rel}","templated":true}]}}

notre équipe

<h2>Équipe de médecine materno-fœtale &#8211; Campus Général</h2>
<div class="toh-tc-row">
<div class="col-lg-4 col-md-4 col-sm-6 col-xs-12 mb-4">
<div class="toh-tc h-100">
<div class="toh-tc-body text-center">
<p><img decoding="async" src="/wp-content/uploads/2021/04/KFKF-profile.jpg" alt="Dr. Karen Fung-Kee-Fung"></p>
<h4 class="toh-tc-title">­D<sup>re</sup> Karen Fung Kee Fung, MD, FRCSC, MHPE</h4>
<p class="toh-tc-text">Médecin<br />
Médecine materno-fœtale</p>
</div>
</div>
</div>
<div class="col-lg-4 col-md-4 col-sm-6 col-xs-12 mb-4">
<div class="toh-tc h-100">
<div class="toh-tc-body text-center">
<p><img decoding="async" src="/wp-content/uploads/2021/04/FMoretti-profile.jpg" alt="Dr. Felipe Moretti"></p>
<h4 class="toh-tc-title">­D<sup>r</sup> Felipe Moretti, MD</h4>
<p class="toh-tc-text">Directeur, Programme de surspécialisation<br />
Médecine materno-fœtale</p>
</div>
</div>
</div>
<div class="col-lg-4 col-md-4 col-sm-6 col-xs-12 mb-4">
<div class="toh-tc h-100">
<div class="toh-tc-body text-center">
<p><img decoding="async" src="/wp-content/uploads/2021/04/Brigitte-profile.jpg" alt="Dr. Brigitte Bonin"></p>
<h4 class="toh-tc-title">­D<sup>re</sup> Brigitte Bonin, MD, FRCSC, MBA</h4>
<p class="toh-tc-text">Directrice médicale, Échographie obstétricale et gynécologique<br />
Médecine materno-fœtale</p>
</div>
</div>
</div>
<div class="col-lg-4 col-md-4 col-sm-6 col-xs-12 mb-4">
<div class="toh-tc h-100">
<div class="toh-tc-body text-center">
<p><img decoding="async" src="/wp-content/uploads/2021/04/El-Chaar-profile.jpg" alt="Dr. Darine El-Chaâr"></p>
<h4 class="toh-tc-title">­D<sup>re</sup> Darine El-Chaâr, MD, FRCSC, MSc Epi</h4>
<p class="toh-tc-text">Médecin<br />
Médecine materno-fœtale</p>
</div>
</div>
</div>
<div class="col-lg-4 col-md-4 col-sm-6 col-xs-12 mb-4">
<div class="toh-tc h-100">
<div class="toh-tc-body text-center">
<p><img decoding="async" src="/wp-content/uploads/2021/04/Griff-profile.jpg" alt="Dr. Griffith Jones"></p>
<h4 class="toh-tc-title">­D<sup>r</sup> Griffith Jones, MB BS, FRCOG, FRCSC</h4>
<p class="toh-tc-text">Médecin<br />
Médecine materno-fœtale</p>
</div>
</div>
</div>
<div class="col-lg-4 col-md-4 col-sm-6 col-xs-12 mb-4">
<div class="toh-tc h-100">
<div class="toh-tc-body text-center">
<p><img decoding="async" src="/wp-content/uploads/2021/04/Walker-profile.jpg" alt="Dr. Mark Walker"></p>
<h4 class="toh-tc-title">­D<sup>r</sup> Mark Walker, MD, FRCS(C), MSc(epi), MScHCM</h4>
<p class="toh-tc-text">Médecin<br />
Médecine materno-fœtale</p>
</div>
</div>
</div>
<div class="col-lg-4 col-md-4 col-sm-6 col-xs-12 mb-4">
<div class="toh-tc h-100">
<div class="toh-tc-body text-center">
<p><img decoding="async" src="/wp-content/uploads/2022/02/Emily-profile.jpg" alt="Dr. Emily Walker"></p>
<h4 class="toh-tc-title">­D<sup>re</sup> Emily Walker, MD, FRCSC</h4>
<p class="toh-tc-text">Médecin<br />
Médecine materno-fœtale,<br />
TOH Campus Civic</p>
</div>
</div>
</div>
</div>

<p>Équipe de médecine materno-fœtale &#8211; Campus Général ­Dre Karen Fung Kee Fung, MD, FRCSC, MHPE Médecin Médecine materno-fœtale ­Dr Felipe Moretti, MD Directeur, Programme de surspécialisation Médecine materno-fœtale ­Dre Brigitte Bonin, MD, FRCSC, MBA Directrice médicale, Échographie obstétricale et gynécologique Médecine materno-fœtale ­Dre Darine El-Chaâr, MD, FRCSC, MSc Epi Médecin Médecine materno-fœtale ­Dr Griffith Jones, [&hellip;]</p>
