{"id":22797,"date":"2017-02-09T16:50:23","date_gmt":"2017-02-09T21:50:23","guid":{"rendered":"http:\/\/52.229.127.56\/?page_id=22797\/"},"modified":"2017-02-09T16:51:15","modified_gmt":"2017-02-09T21:51:15","slug":"dr-philip-karas","status":"publish","type":"page","link":"https:\/\/www.ottawahospital.on.ca\/fr\/about-us\/notre-equipe-de-direction\/equipe-de-la-haute-direction\/dr-philip-karas\/","title":{"rendered":"Dr Philip Karas"},"content":{"rendered":"<div style=\"width: 145px\" class=\"wp-caption alignleft\"><img decoding=\"async\" class=\"img responsive\" src=\"\/wp-content\/uploads\/2017\/02\/DrPhilipKaras_SMT.jpg\" alt=\"Dr. Philip Karas\" width=\"135\" height=\"169\" \/><p class=\"wp-caption-text\"><br \/> <strong>Dr Philip Karas<\/strong> <br \/> Chef, D\u00e9partement de m\u00e9decine familiale <\/p>\n<p> <strong>Renseignements<\/strong> <br \/> 613-737-8132 <br \/> <a href=\"mailto:pkaras@lho.ca\">pkaras@lho.ca<\/a><\/p><\/div>\n<p>Le D<sup>r<\/sup>\u00a0Karas a obtenu son dipl\u00f4me de m\u00e9decine de l\u2019Universit\u00e9 McMaster, puis a effectu\u00e9 sa r\u00e9sidence en m\u00e9decine familiale \u00e0 l\u2019Universit\u00e9 d\u2019Ottawa. Depuis 1983, il a particip\u00e9 \u00e0 divers programmes cliniques et initiatives \u00e9ducatives. Il a \u00e9t\u00e9 nomm\u00e9 chef du D\u00e9partement de m\u00e9decine familiale de l\u2019H\u00f4pital g\u00e9n\u00e9ral d\u2019Ottawa en 1988. R\u00e9cemment, il a termin\u00e9 le programme de gestion pour cadres sup\u00e9rieurs du RLISS\u00a0de Champlain et le cours de certification en culture juste.<\/p>\n<p>Il est professeur adjoint de m\u00e9decine familiale \u00e0 la Facult\u00e9 de m\u00e9decine de l\u2019Universit\u00e9 d\u2019Ottawa et chef du D\u00e9partement de m\u00e9decine familiale \u00e0 L\u2019H\u00f4pital d\u2019Ottawa.<\/p>\n<p>&nbsp;<\/p>\n<p>&nbsp;<\/p>\n","protected":false},"excerpt":{"rendered":"<p>Le Dr\u00a0Karas a obtenu son dipl\u00f4me de m\u00e9decine de l\u2019Universit\u00e9 McMaster, puis a effectu\u00e9 sa r\u00e9sidence en m\u00e9decine familiale \u00e0 l\u2019Universit\u00e9 d\u2019Ottawa. Depuis 1983, il a particip\u00e9 \u00e0 divers programmes cliniques et initiatives \u00e9ducatives. Il a \u00e9t\u00e9 nomm\u00e9 chef du D\u00e9partement de m\u00e9decine familiale de l\u2019H\u00f4pital g\u00e9n\u00e9ral d\u2019Ottawa en 1988. R\u00e9cemment, il a termin\u00e9 le [&hellip;]<\/p>\n","protected":false},"author":25,"featured_media":0,"parent":4550,"menu_order":21,"comment_status":"closed","ping_status":"closed","template":"","meta":{"_acf_changed":false,"_mc_calendar":[],"footnotes":""},"class_list":["post-22797","page","type-page","status-publish","hentry"],"acf":[],"wps_subtitle":"","_links":{"self":[{"href":"https:\/\/www.ottawahospital.on.ca\/fr\/wp-json\/wp\/v2\/pages\/22797","targetHints":{"allow":["GET"]}}],"collection":[{"href":"https:\/\/www.ottawahospital.on.ca\/fr\/wp-json\/wp\/v2\/pages"}],"about":[{"href":"https:\/\/www.ottawahospital.on.ca\/fr\/wp-json\/wp\/v2\/types\/page"}],"author":[{"embeddable":true,"href":"https:\/\/www.ottawahospital.on.ca\/fr\/wp-json\/wp\/v2\/users\/25"}],"replies":[{"embeddable":true,"href":"https:\/\/www.ottawahospital.on.ca\/fr\/wp-json\/wp\/v2\/comments?post=22797"}],"version-history":[{"count":0,"href":"https:\/\/www.ottawahospital.on.ca\/fr\/wp-json\/wp\/v2\/pages\/22797\/revisions"}],"up":[{"embeddable":true,"href":"https:\/\/www.ottawahospital.on.ca\/fr\/wp-json\/wp\/v2\/pages\/4550"}],"wp:attachment":[{"href":"https:\/\/www.ottawahospital.on.ca\/fr\/wp-json\/wp\/v2\/media?parent=22797"}],"curies":[{"name":"wp","href":"https:\/\/api.w.org\/{rel}","templated":true}]}}

<div style="width: 145px" class="wp-caption alignleft"><img decoding="async" class="img responsive" src="/wp-content/uploads/2017/02/DrPhilipKaras_SMT.jpg" alt="Dr. Philip Karas" width="135" height="169" /><p class="wp-caption-text"><br /> <strong>Dr Philip Karas</strong> <br /> Chef, Département de médecine familiale </p>
<p> <strong>Renseignements</strong> <br /> 613-737-8132 <br /> <a href="mailto:pkaras@lho.ca">pkaras@lho.ca</a></p></div>
<p>Le D<sup>r</sup> Karas a obtenu son diplôme de médecine de l’Université McMaster, puis a effectué sa résidence en médecine familiale à l’Université d’Ottawa. Depuis 1983, il a participé à divers programmes cliniques et initiatives éducatives. Il a été nommé chef du Département de médecine familiale de l’Hôpital général d’Ottawa en 1988. Récemment, il a terminé le programme de gestion pour cadres supérieurs du RLISS de Champlain et le cours de certification en culture juste.</p>
<p>Il est professeur adjoint de médecine familiale à la Faculté de médecine de l’Université d’Ottawa et chef du Département de médecine familiale à L’Hôpital d’Ottawa.</p>
<p>&nbsp;</p>
<p>&nbsp;</p>

<p>Le Dr Karas a obtenu son diplôme de médecine de l’Université McMaster, puis a effectué sa résidence en médecine familiale à l’Université d’Ottawa. Depuis 1983, il a participé à divers programmes cliniques et initiatives éducatives. Il a été nommé chef du Département de médecine familiale de l’Hôpital général d’Ottawa en 1988. Récemment, il a terminé le [&hellip;]</p>
