{"version":"1.0","provider_name":"The Ottawa Hospital","provider_url":"https:\/\/www.ottawahospital.on.ca\/fr\/","author_name":"Vanaja Siva","author_url":"https:\/\/www.ottawahospital.on.ca\/fr\/author\/vsiva\/","title":"D\u2019Ha\u00efti \u00e0 l\u2019H\u00f4pital : quand la formation inspire -","type":"rich","width":600,"height":338,"html":"<blockquote class=\"wp-embedded-content\" data-secret=\"vxaClBpHnT\"><a href=\"https:\/\/www.ottawahospital.on.ca\/fr\/non-classifiee\/dhaiti-a-lhopital-quand-la-formation-inspire\/\">D\u2019Ha\u00efti \u00e0 l\u2019H\u00f4pital : quand la formation inspire<\/a><\/blockquote><iframe sandbox=\"allow-scripts\" security=\"restricted\" src=\"https:\/\/www.ottawahospital.on.ca\/fr\/non-classifiee\/dhaiti-a-lhopital-quand-la-formation-inspire\/embed\/#?secret=vxaClBpHnT\" width=\"600\" height=\"338\" title=\"\u00ab\u00a0D\u2019Ha\u00efti \u00e0 l\u2019H\u00f4pital : quand la formation inspire\u00a0\u00bb &#8212; The Ottawa Hospital\" data-secret=\"vxaClBpHnT\" frameborder=\"0\" marginwidth=\"0\" marginheight=\"0\" scrolling=\"no\" class=\"wp-embedded-content\"><\/iframe><script type=\"text\/javascript\">\n\/* <![CDATA[ *\/\n\/*! This file is auto-generated *\/\n!function(d,l){\"use strict\";l.querySelector&&d.addEventListener&&\"undefined\"!=typeof URL&&(d.wp=d.wp||{},d.wp.receiveEmbedMessage||(d.wp.receiveEmbedMessage=function(e){var t=e.data;if((t||t.secret||t.message||t.value)&&!\/[^a-zA-Z0-9]\/.test(t.secret)){for(var s,r,n,a=l.querySelectorAll('iframe[data-secret=\"'+t.secret+'\"]'),o=l.querySelectorAll('blockquote[data-secret=\"'+t.secret+'\"]'),c=new RegExp(\"^https?:$\",\"i\"),i=0;i<o.length;i++)o[i].style.display=\"none\";for(i=0;i<a.length;i++)s=a[i],e.source===s.contentWindow&&(s.removeAttribute(\"style\"),\"height\"===t.message?(1e3<(r=parseInt(t.value,10))?r=1e3:~~r<200&&(r=200),s.height=r):\"link\"===t.message&&(r=new URL(s.getAttribute(\"src\")),n=new URL(t.value),c.test(n.protocol))&&n.host===r.host&&l.activeElement===s&&(d.top.location.href=t.value))}},d.addEventListener(\"message\",d.wp.receiveEmbedMessage,!1),l.addEventListener(\"DOMContentLoaded\",function(){for(var e,t,s=l.querySelectorAll(\"iframe.wp-embedded-content\"),r=0;r<s.length;r++)(t=(e=s[r]).getAttribute(\"data-secret\"))||(t=Math.random().toString(36).substring(2,12),e.src+=\"#?secret=\"+t,e.setAttribute(\"data-secret\",t)),e.contentWindow.postMessage({message:\"ready\",secret:t},\"*\")},!1)))}(window,document);\n\/\/# sourceURL=https:\/\/www.ottawahospital.on.ca\/wp-includes\/js\/wp-embed.min.js\n\/* ]]> *\/\n<\/script>\n","thumbnail_url":"https:\/\/www.ottawahospital.on.ca\/wp-content\/uploads\/2015\/12\/YIMC_NadiaPereira.jpg","thumbnail_width":740,"thumbnail_height":330,"description":"Nadia Pereira (\u00e0 gauche) s\u2019est rendue \u00e0 Ha\u00efti apr\u00e8s le tremblement de terre en 2013 pour former des professionnels de la sant\u00e9 de la r\u00e9gion sur les blessures de la moelle \u00e9pini\u00e8re. Un gar\u00e7on de 7&nbsp;ans est venu voir Nadia Pereira, ergoth\u00e9rapeute, \u00e0 la fin de l\u2019atelier qu\u2019elle donnait avec son \u00e9quipe aux Cayes, \u00e0 [&hellip;]"}

D’Haïti à l’Hôpital : quand la formation inspire -

<blockquote class="wp-embedded-content" data-secret="vxaClBpHnT"><a href="https://www.ottawahospital.on.ca/fr/non-classifiee/dhaiti-a-lhopital-quand-la-formation-inspire/">D’Haïti à l’Hôpital : quand la formation inspire</a></blockquote><iframe sandbox="allow-scripts" security="restricted" src="https://www.ottawahospital.on.ca/fr/non-classifiee/dhaiti-a-lhopital-quand-la-formation-inspire/embed/#?secret=vxaClBpHnT" width="600" height="338" title="« D’Haïti à l’Hôpital : quand la formation inspire » &#8212; The Ottawa Hospital" data-secret="vxaClBpHnT" frameborder="0" marginwidth="0" marginheight="0" scrolling="no" class="wp-embedded-content"></iframe><script type="text/javascript">
/* <![CDATA[ */
/*! This file is auto-generated */
!function(d,l){"use strict";l.querySelector&&d.addEventListener&&"undefined"!=typeof URL&&(d.wp=d.wp||{},d.wp.receiveEmbedMessage||(d.wp.receiveEmbedMessage=function(e){var t=e.data;if((t||t.secret||t.message||t.value)&&!/[^a-zA-Z0-9]/.test(t.secret)){for(var s,r,n,a=l.querySelectorAll('iframe[data-secret="'+t.secret+'"]'),o=l.querySelectorAll('blockquote[data-secret="'+t.secret+'"]'),c=new RegExp("^https?:$","i"),i=0;i<o.length;i++)o[i].style.display="none";for(i=0;i<a.length;i++)s=a[i],e.source===s.contentWindow&&(s.removeAttribute("style"),"height"===t.message?(1e3<(r=parseInt(t.value,10))?r=1e3:~~r<200&&(r=200),s.height=r):"link"===t.message&&(r=new URL(s.getAttribute("src")),n=new URL(t.value),c.test(n.protocol))&&n.host===r.host&&l.activeElement===s&&(d.top.location.href=t.value))}},d.addEventListener("message",d.wp.receiveEmbedMessage,!1),l.addEventListener("DOMContentLoaded",function(){for(var e,t,s=l.querySelectorAll("iframe.wp-embedded-content"),r=0;r<s.length;r++)(t=(e=s[r]).getAttribute("data-secret"))||(t=Math.random().toString(36).substring(2,12),e.src+="#?secret="+t,e.setAttribute("data-secret",t)),e.contentWindow.postMessage({message:"ready",secret:t},"*")},!1)))}(window,document);
//# sourceURL=https://www.ottawahospital.on.ca/wp-includes/js/wp-embed.min.js
/* ]]> */
</script>

Nadia Pereira (à gauche) s’est rendue à Haïti après le tremblement de terre en 2013 pour former des professionnels de la santé de la région sur les blessures de la moelle épinière. Un garçon de 7&nbsp;ans est venu voir Nadia Pereira, ergothérapeute, à la fin de l’atelier qu’elle donnait avec son équipe aux Cayes, à [&hellip;]
